s 9 a factor of 97536?
False
Is 10 a factor of 135170?
True
Is 187 a factor of 410652?
True
Does 90 divide 3858480?
True
Is 75376 a multiple of 2?
True
Is 160 a factor of 53760?
True
Is 153625 even?
False
Is 271091 a multiple of 116?
False
Is 17 a factor of 2542860?
True
Does 26 divide 1358032?
True
Is 8001768 a multiple of 12?
True
Is 93 a factor of 127224?
True
Does 37 divide 72335?
True
Is 31872 even?
True
Is 451446 a multiple of 134?
True
Is 34 a factor of 79305?
False
Is 496054 a multiple of 8?
False
Is 132 a factor of 513966?
False
Does 121 divide 240427?
True
Does 43 divide 2283130?
False
Does 391 divide 1472897?
True
Is 16200198 a multiple of 16?
False
Is 2535932 a multiple of 28?
True
Is 31 a factor of 4092?
True
Is 23 a factor of 1146539?
False
Is 1772219 a multiple of 167?
False
Is 10 a factor of 104397?
False
Is 43 a factor of 173634?
True
Is 200629 a multiple of 61?
True
Does 7 divide 129081?
False
Is 17 a factor of 1711669?
False
Is 3 a factor of 61270?
False
Is 42 a factor of 27804?
True
Is 4589550 a multiple of 423?
True
Is 968848 a multiple of 76?
True
Is 1120608 a multiple of 27?
True
Does 21 divide 5576130?
True
Does 204 divide 54850?
False
Is 412156 a multiple of 76?
False
Is 49225 a multiple of 55?
True
Is 409489 a multiple of 76?
False
Is 645 a factor of 21265005?
True
Does 32 divide 1189471?
False
Is 59 a factor of 1080500?
False
Is 886847 a multiple of 370?
False
Is 384475 a multiple of 169?
True
Is 5236770 a multiple of 1155?
True
Is 24601 a multiple of 4?
False
Is 673880 a multiple of 170?
True
Does 8 divide 721144?
True
Is 3640403 a multiple of 34?
False
Is 100 a factor of 121295?
False
Is 324912 a multiple of 68?
False
Is 21 a factor of 4410?
True
Is 466754 a multiple of 19?
True
Does 28 divide 665407?
False
Is 119778 a multiple of 7?
False
Is 21 a factor of 1921123?
False
Does 66 divide 99924?
True
Does 86 divide 17200?
True
Is 5289118 a multiple of 13?
False
Is 412 a factor of 999504?
False
Is 158934 a multiple of 62?
False
Is 365 a factor of 2449181?
False
Does 4 divide 11892?
True
Does 57 divide 1585201?
False
Does 10 divide 48790?
True
Is 51 a factor of 21245?
False
Is 198 a factor of 151668?
True
Does 15 divide 1346790?
True
Is 12 a factor of 771927?
False
Is 16 a factor of 84912?
True
Is 1578384 a multiple of 8?
True
Is 3570746 a multiple of 38?
True
Does 189 divide 21718235?
False
Is 13 a factor of 3125267?
False
Is 16 a factor of 54942?
False
Does 202 divide 1489750?
True
Is 4225966 a multiple of 25?
False
Is 72345 a multiple of 455?
True
Is 5 a factor of 98365?
True
Does 32 divide 5657280?
True
Is 1857471 a multiple of 109?
False
Is 46 a factor of 2702193?
False
Does 9 divide 19737?
True
Does 148 divide 1229880?
True
Is 3862200 a multiple of 12?
True
Does 140 divide 2381801?
False
Is 7 a factor of 499263?
False
Is 24327 a multiple of 9?
True
Does 4 divide 308914?
False
Is 5730921 a multiple of 566?
False
Does 10 divide 844607?
False
Is 22 a factor of 886709?
False
Is 5475603 a multiple of 25?
False
Does 25 divide 18957426?
False
Is 81 a factor of 1552527?
True
Is 132 a factor of 2266787?
False
Does 4 divide 38547?
False
Does 9 divide 203398?
False
Is 43424 a multiple of 3?
False
Is 10 a factor of 51784?
False
Is 60 a factor of 905640?
True
Is 4298056 a multiple of 28?
True
Is 83 a factor of 423217?
True
Is 377621 a multiple of 97?
True
Is 268713 a multiple of 73?
True
Is 137 a factor of 538564?
False
Is 186 a factor of 1374328?
False
Is 13 a factor of 2502833?
False
Does 7 divide 251801?
False
Does 326 divide 329107?
False
Is 4038233 a multiple of 30?
False
Does 82 divide 161048?
True
Does 423 divide 4996899?
True
Is 120305 a multiple of 25?
False
Is 66 a factor of 328020?
True
Is 21 a factor of 41454?
True
Is 778540 a multiple of 7?
True
Is 167681 even?
False
Does 12 divide 3141398?
False
Is 58469 a multiple of 141?
False
Does 13 divide 521453?
False
Is 273 a factor of 930536?
False
Is 207 a factor of 177407?
False
Does 36 divide 8697833?
False
Is 3015759 a multiple of 37?
True
Is 1737372 a multiple of 86?
True
Is 115 a factor of 2114620?
True
Does 21 divide 368235?
True
Is 315 a factor of 135949?
False
Does 9 divide 318501?
True
Is 151 a factor of 865230?
True
Is 182175 a multiple of 75?
True
Is 34852 a multiple of 42?
False
Is 51 a factor of 34357?
False
Is 27 a factor of 49815?
True
Is 425095 a multiple of 59?
True
Is 21 a factor of 284907?
True
Is 30 a factor of 4504219?
False
Is 70 a factor of 379890?
True
Does 5 divide 72966?
False
Is 2173 a factor of 7049212?
True
Is 7 a factor of 260505?
True
Is 405890 a multiple of 93?
False
Is 153 a factor of 1297287?
True
Is 136 a factor of 387310?
False
Is 158275 a multiple of 139?
False
Is 6391224 a multiple of 7?
True
Is 24 a factor of 51182?
False
Does 5 divide 4323580?
True
Is 50 a factor of 1244700?
True
Is 40 a factor of 3854610?
False
Is 12 a factor of 562769?
False
Does 52 divide 77064?
True
Is 498386 a multiple of 14?
True
Does 12 divide 79100?
False
Is 201110 a multiple of 119?
True
Is 908460 a multiple of 1030?
True
Is 198495 a multiple of 70?
False
Does 28 divide 2737700?
True
Is 1091 a factor of 11129291?
True
Does 78 divide 1189485?
False
Does 19 divide 639838?
False
Does 80 divide 2444960?
True
Is 1567 a factor of 7574878?
True
Is 3051592 a multiple of 9?
False
Is 15 a factor of 1032457?
False
Is 21 a factor of 113844?
False
Is 10785350 a multiple of 19?
True
Is 49 a factor of 1436827?
True
Is 24 a factor of 153380?
False
Is 7856 a multiple of 5?
False
Is 22 a factor of 11066294?
False
Is 146 a factor of 7208458?
True
Is 208897 a multiple of 200?
False
Is 27693 a multiple of 7?
False
Does 128 divide 578588?
False
Is 1296081 a multiple of 194?
False
Is 133 a factor of 5586266?
True
Is 51 a factor of 3009713?
False
Does 21 divide 65003?
False
Does 573 divide 369499?
False
Is 8 a factor of 25210?
False
Does 460 divide 531824?
False
Is 20 a factor of 22736985?
False
Is 1714212 a multiple of 306?
True
Is 1496611 a multiple of 12?
False
Is 166 a factor of 28041?
False
Is 704 a factor of 252187?
False
Is 30 a factor of 29046?
False
Is 129 a factor of 1437503?
False
Is 236 a factor of 8320180?
True
Does 3 divide 146301?
True
Is 2267980 a multiple of 572?
True
Is 4334428 a multiple of 635?
False
Is 27411 a multiple of 30?
False
Does 27 divide 3298563?
True
Does 82 divide 26814?
True
Is 18325479 a multiple of 21?
False
Does 34 divide 1107856?
True
Is 356 a factor of 3518804?
False
Does 104 divide 11453473?
False
Does 10 divide 363465?
False
Is 202894 a multiple of 125?
False
Is 203 a factor of 2425647?
True
Does 218 divide 216038?
True
Is 382 a factor of 844503?
False
Is 121499 a multiple of 247?
False
Is 36 a factor of 255348?
True
Is 17 a factor of 223608?
False
Is 707595 a multiple of 29?
False
Does 564 divide 2186628?
True
Is 25729 a multiple of 3?
False
Is 448 a factor of 172480?
True
Is 343539 a multiple of 12?
False
Is 84 a factor of 2581469?
False
Does 329 divide 643195?
True
Does 1476 divide 1984373?
False
Is 53 a factor of 852929?
True
Is 5 a factor of 3688395?
True
Is 341103 a multiple of 21?
True
Is 4787054 a multiple of 7?
False
Does 15 divide 737401?
False
Does 33 divide 848760?
True
Is 222 a factor of 343434?
True
Is 9040 a multiple of 16?
True
Is 53 a factor of 13006846?
False
Does 216 divide 541944?
True
Is 60 a factor of 149460?
True
Is 2030734 a multiple of 89?
False
Is 2381925 a multiple of 3?
True
Is 5830514 a multiple of 82?
False
Does 114 divide 1988962?
False
Is 15 a factor of 1288466?
False
Does 36 divide 220989?
False
Is 68 a factor of 1899647?
False
Is 438672 a multiple of 48?
True
Does 407 divide 27408194?
True
Is 34 a factor of 292962?
False
Does 30 divide 1315200?
True
Does 19 divide 230689?
False
Does 892 divide 2338784?
False
Does 27 divide 5356423?
False
Is 4251 a multiple of 2?
False
Is 89 a factor of 5162?
True
Is 109498 a multiple of 3?
False
Does 113 divide 128029?
True
Is 8443702 a multiple of 149?
False
Is 34 a factor of 569941?
False
Does 326 divide 4988483?
False
Is 53 a factor of 3454938?
False
Is 32869 a multiple of 2?
False
Is 68 a factor of 623220?
True
Does 108 divide 15730524?
True
Is 32 a factor of 984382?
False
Is 261173 a multiple of 50?
False
Is 2704 a multiple of 208?
True
Is 388 a factor of 1238389